{"id":10058,"date":"2024-02-11T14:48:17","date_gmt":"2024-02-11T17:48:17","guid":{"rendered":"https:\/\/alternativanikkei.com\/?post_type=product&#038;p=10058"},"modified":"2025-11-03T16:22:06","modified_gmt":"2025-11-03T19:22:06","slug":"pequenas-historias-de-grandes-mitos-japoneses","status":"publish","type":"product","link":"https:\/\/alternativanikkei.com\/2026\/producto\/pequenas-historias-de-grandes-mitos-japoneses\/","title":{"rendered":"Peque\u00f1as historias de grandes Mitos Japoneses"},"content":{"rendered":"<p>Peque\u00f1as grandes historias dirigidas a los primeros lectores para que puedan descubrir el origen de estas aventuras y conocer a sus protagonistas.<br \/>\nIncluyen infograf\u00eda final.<\/p>\n<p>Para ni\u00f1os mayores a 4 a\u00f1os.<\/p>\n<p>Autora: Cecilia Blanco.<\/p>\n<p>Hermosas illustraciones de Roberto Cubillas<\/p>\n<p>Tapa dura<\/p>\n","protected":false},"excerpt":{"rendered":"<p>Peque\u00f1as grandes historias dirigidas a los primeros lectores para que puedan descubrir el origen de estas aventuras y conocer a sus protagonistas. Incluyen infograf\u00eda final. Para ni\u00f1os mayores a 4 a\u00f1os. Autora: Cecilia Blanco. Hermosas illustraciones de Roberto Cubillas Tapa dura<\/p>\n","protected":false},"featured_media":10059,"template":"","meta":[],"product_brand":[],"product_cat":[45,50],"product_tag":[],"class_list":{"0":"post-10058","1":"product","2":"type-product","3":"status-publish","4":"has-post-thumbnail","6":"product_cat-libreria","7":"product_cat-libros-y-revistas","9":"first","10":"instock","11":"shipping-taxable","12":"purchasable","13":"product-type-simple"},"_links":{"self":[{"href":"https:\/\/alternativanikkei.com\/2026\/wp-json\/wp\/v2\/product\/10058","targetHints":{"allow":["GET"]}}],"collection":[{"href":"https:\/\/alternativanikkei.com\/2026\/wp-json\/wp\/v2\/product"}],"about":[{"href":"https:\/\/alternativanikkei.com\/2026\/wp-json\/wp\/v2\/types\/product"}],"wp:featuredmedia":[{"embeddable":true,"href":"https:\/\/alternativanikkei.com\/2026\/wp-json\/wp\/v2\/media\/10059"}],"wp:attachment":[{"href":"https:\/\/alternativanikkei.com\/2026\/wp-json\/wp\/v2\/media?parent=10058"}],"wp:term":[{"taxonomy":"product_brand","embeddable":true,"href":"https:\/\/alternativanikkei.com\/2026\/wp-json\/wp\/v2\/product_brand?post=10058"},{"taxonomy":"product_cat","embeddable":true,"href":"https:\/\/alternativanikkei.com\/2026\/wp-json\/wp\/v2\/product_cat?post=10058"},{"taxonomy":"product_tag","embeddable":true,"href":"https:\/\/alternativanikkei.com\/2026\/wp-json\/wp\/v2\/product_tag?post=10058"}],"curies":[{"name":"wp","href":"https:\/\/api.w.org\/{rel}","templated":true}]}}