{"id":3532,"date":"2015-09-16T16:57:10","date_gmt":"2015-09-16T19:57:10","guid":{"rendered":"http:\/\/alternativanikkei.com\/producto\/el-verano-de-la-ubume\/"},"modified":"2025-11-04T01:53:58","modified_gmt":"2025-11-04T04:53:58","slug":"el-verano-de-la-ubume","status":"publish","type":"product","link":"https:\/\/alternativanikkei.com\/2026\/producto\/el-verano-de-la-ubume\/","title":{"rendered":"El verano de la ubume"},"content":{"rendered":"<p><strong>\u201cUna espectacular mezcla de novela polic\u00edaca, cuento popular y thriller filos\u00f3fico\u201d<\/strong><\/p>\n<p><strong>Autor: <b>Natsuhiko Kyogoku<\/b><br \/>\n<\/strong><\/p>\n<p><strong>Rese\u00f1a:<\/strong><\/p>\n<p>Verano de 1952, T\u014dky\u014d, el periodista Tatsumi Sekiguchi decide consultar con su amigo y librero Akihiko Ch\u016bzenji, un extra\u00f1o rumor sobre la familia Kuonji: \u00ab<em>\u00bfEs posible que una mujer est\u00e9 embarazada durante veinte meses?<\/em>\u00ab.<\/p>\n<p>La se\u00f1ora Kuonji permanece embarazada desde la desaparici\u00f3n de su esposo estando \u00e9l en un cuarto cerrado. Ch\u016bzenji, a.k.a. Ky\u014dgokud\u014d (apodo que recibe por su librer\u00eda), es investigador de fen\u00f3menos paranormales y especialista en seres fant\u00e1sticos y mitol\u00f3gicos del folklore japon\u00e9s, pero as\u00ed y todo incr\u00e9dulo de su existencia.<\/p>\n<p>Con la ayuda de sus amigos, el detective privado Enokizu, el valiente polic\u00eda Kiba, la periodista colega Atsuko Ch\u016bzenji (hermana de Akihiko) y el l\u00f3gico y racional Ky\u014dgokud\u014d, Sekiguchi se ver\u00e1 envuelto en un misterio mucho m\u00e1s complejo y perturbador de lo que inicialmente parec\u00eda.<\/p>\n<p>S\u00f3lo los conocimientos de Ky\u014dgokud\u014d, en especial sobre la leyenda de la \u00abubume\u00bb que est\u00e1 asociada a la muerte de las madres al dar a luz a sus beb\u00e9s, podr\u00e1n darle sentido a todas las contradictorias evidencias y un exorcismo que llevar\u00e1 a cabo podr\u00e1 resolver finalmente el misterio.<\/p>\n<h4>Sobre el autor<\/h4>\n<p><strong>Natsuhiko Ky\u00f4goku<\/strong>. Nacido en \u00a0Otaru (Hokkaido), es conocido com el <em>\u201cNeil Gaiman\u201d<\/em> japon\u00e9s. Su pasi\u00f3n por la historia, la intriga y lo sobrenatural le han convertido en el heredero directo de Kid\u00f4 Okamoto (autor de <a title=\"Fantasmas y samurais\" href=\"http:\/\/alternativanikkei.com\/producto\/fantasmas-y-samurais-de-kido-okamoto\/\">Fantasmas y samurais<\/a>) y con su novela debut, <strong><em>El verano de la ubume<\/em><\/strong>, se confirm\u00f3 como uno de \u00a0los mejores exponentes de la literatura japonesa actual que huye de g\u00e9neros concretos y conjuga de forma inimitable lo mejor de la novela polic\u00edaaca, el cuento popular, el folclore y el thriller.<\/p>\n<h4>La Prensa ha dicho\u2026<\/h4>\n<p>\u201cUno de esos libros, que significan <strong>una propuesta novedosa en el marco de la novela de intriga<\/strong>, por el especial tempo que propone, por \u00a0atreverse con personajes y situaciones de car\u00e1cter m\u00e1s fant\u00e1stico, y que aun as\u00ed, no <strong>nos permite dejar de leer, buscando apasionadamente el desenlace<\/strong>.\u00a0<strong>Una novela subyugante<\/strong>.\u201d <a href=\"http:\/\/www.revistaprotesis.com\/2014\/09\/el-verano-de-la-ubume-natsuhiko-kyogoku.html\">Jos\u00e9 Mar\u00eda S\u00e1nchez Pardo, Revista Pr\u00f3tesis<\/a><\/p>\n<p>\u201cCon referencias hist\u00f3ricas s e inmersiones en el mundo paranormal, el autor juega a la perfecci\u00f3n con el <strong>misterio psicol\u00f3gico<\/strong> en una novela que en algunos momentos se detiene, entre fantasmas y embarazos de 20 meses, en planteamientos filos\u00f3ficos. Adem\u00e1s de la <strong>atm\u00f3sfera de suspense<\/strong> que crea, hay que destacar la capacidad del autor de <strong>combinar varios g\u00e9neros<\/strong> a lo largo de la novela.\u201d <a href=\"http:\/\/www.masjerez.com\/masleer\/2014\/09\/22\/1411376276.html\">J. Berto en +Leer<\/a><\/p>\n<p>\u201cLa novela est\u00e1 <strong>plagada de im\u00e1genes perturbadoras<\/strong>, el autor crea <strong>momentos de tensi\u00f3n dignos del mejor terror<\/strong>, sobre todo en la primera vista a la cl\u00ednica Kuonji. La realidad y la distorsi\u00f3n de la misma que nos presenta Sekiguchi juegan a la perfecci\u00f3n con el lector, provocando un <strong>deseo constante de saber qu\u00e9 ser\u00e1 lo siguiente que nos encontremos<\/strong>.\u201d <a href=\"http:\/\/kappabunko.com\/2014\/12\/25\/el-verano-de-la-ubume\/\">Kappa Bunko<\/a>.<\/p>\n<p><strong>Caracter\u00edsticas generales<\/strong><\/p>\n<p>P\u00e1ginas: 400<br \/>\nEncuadernaci\u00f3n: R\u00fastica<br \/>\nNovela de misterio y suspenso (Narrativa japonesa)<br \/>\nMedidas: 15.5 x 23 cm<\/p>\n","protected":false},"excerpt":{"rendered":"<p>\u201cUna espectacular mezcla de novela polic\u00edaca, cuento popular y thriller filos\u00f3fico\u201d Autor: Natsuhiko Kyogoku Rese\u00f1a: Verano de 1952, T\u014dky\u014d, el periodista Tatsumi Sekiguchi decide consultar con su amigo y librero Akihiko Ch\u016bzenji, un extra\u00f1o rumor sobre la familia Kuonji: \u00ab\u00bfEs posible que una mujer est\u00e9 embarazada durante veinte meses?\u00ab. La se\u00f1ora Kuonji permanece embarazada desde [&hellip;]<\/p>\n","protected":false},"featured_media":3533,"template":"","meta":[],"product_brand":[],"product_cat":[45,50],"product_tag":[],"class_list":{"0":"post-3532","1":"product","2":"type-product","3":"status-publish","4":"has-post-thumbnail","6":"product_cat-libreria","7":"product_cat-libros-y-revistas","9":"first","10":"instock","11":"shipping-taxable","12":"purchasable","13":"product-type-simple"},"_links":{"self":[{"href":"https:\/\/alternativanikkei.com\/2026\/wp-json\/wp\/v2\/product\/3532","targetHints":{"allow":["GET"]}}],"collection":[{"href":"https:\/\/alternativanikkei.com\/2026\/wp-json\/wp\/v2\/product"}],"about":[{"href":"https:\/\/alternativanikkei.com\/2026\/wp-json\/wp\/v2\/types\/product"}],"wp:featuredmedia":[{"embeddable":true,"href":"https:\/\/alternativanikkei.com\/2026\/wp-json\/wp\/v2\/media\/3533"}],"wp:attachment":[{"href":"https:\/\/alternativanikkei.com\/2026\/wp-json\/wp\/v2\/media?parent=3532"}],"wp:term":[{"taxonomy":"product_brand","embeddable":true,"href":"https:\/\/alternativanikkei.com\/2026\/wp-json\/wp\/v2\/product_brand?post=3532"},{"taxonomy":"product_cat","embeddable":true,"href":"https:\/\/alternativanikkei.com\/2026\/wp-json\/wp\/v2\/product_cat?post=3532"},{"taxonomy":"product_tag","embeddable":true,"href":"https:\/\/alternativanikkei.com\/2026\/wp-json\/wp\/v2\/product_tag?post=3532"}],"curies":[{"name":"wp","href":"https:\/\/api.w.org\/{rel}","templated":true}]}}