{"id":3670,"date":"2015-10-07T17:58:12","date_gmt":"2015-10-07T20:58:12","guid":{"rendered":"http:\/\/alternativanikkei.com\/?post_type=product&#038;p=3670"},"modified":"2025-11-04T01:53:44","modified_gmt":"2025-11-04T04:53:44","slug":"el-misterio-de-la-gruta-amarilla-de-carlos-bassas-del-rey","status":"publish","type":"product","link":"https:\/\/alternativanikkei.com\/2026\/producto\/el-misterio-de-la-gruta-amarilla-de-carlos-bassas-del-rey\/","title":{"rendered":"El misterio de la gruta amarilla"},"content":{"rendered":"<p><strong>El misterio de la gruta amarilla. Aki monogatari<\/strong><\/p>\n<p>Autor: <strong>Carlos Bassas del Rey<\/strong><\/p>\n<p><strong>Rese\u00f1a:<\/strong><\/p>\n<p>El viejo maestro Miyamoto, Investigador de Asuntos Especiales del clan Date, prepara su viaje a Edo en compa\u00f1\u00eda de Aki, su reci\u00e9n nombrado Ayudante Oficial, y de Ichiro, su nuevo vasallo, para impartir lecciones de esgrima al sh\u014dgun. Una vez all\u00ed, el se\u00f1or Yagy\u016b, el jefe del servicio secreto de espionaje del r\u00e9gimen, le pide que investigue la misteriosa desaparici\u00f3n de Kido Hanshichi, el cazador de \u00aby\u014dkai\u00bb (fantasmas, aparecidos) de los Tokugawa.<\/p>\n<p>Tras sus primeras averiguaciones, Miyamoto y Aki constatan que, adem\u00e1s de Hanshichi, otros diez campesinos, entre los que figura un ni\u00f1o, llevan alg\u00fan tiempo ausentes\u2026 \u00bfAcaso alguien o algo los est\u00e1 cazando? Para resolver el misterio cuentan con una \u00fanica pista: un extra\u00f1o mapa en el que el Investigador del sh\u014dgun ha se\u00f1alado un punto oculto en las monta\u00f1as cercanas: \u00abLa gruta amarilla\u00bb.<\/p>\n<p>Aki Monogatari es una novela de aventuras fielmente ambientada en el Jap\u00f3n de principios del siglo XVII, un pa\u00eds en el que todo est\u00e1 cambiando: desde el nuevo sistema de gobierno instaurado por los Tokugawa tras su victoria en la batalla de Sekigahara, hasta el estilo de vida de la clase samur\u00e1i, cuya raz\u00f3n de ser pierde poco a poco su sentido frente al largo periodo de paz que se avecina.<\/p>\n<p><strong>Sobre el autor<\/strong>:<\/p>\n<p><b><span lang=\"ES\">Carlos Bassas del Rey<\/span><\/b><span lang=\"ES\">\u00a0(Barcelona, 1974) es Licenciado en Periodismo y Doctor en Ciencias de la Informaci\u00f3n. En la actualidad trabaja como guionista\u00a0<i>freelance<\/i>, labor que compagina con la docencia, la escritura de novelas y la direcci\u00f3n de la Semana Negra de Pamplona (<b>Pamplona Negra<\/b>). A lo largo de sus a\u00f1os como autor ha escrito cortometrajes, documentales, largometrajes, videoclips y spots publicitarios, y ha organizado, dirigido e impartido diferentes cursos de escritura creativa, exposiciones, ciclos de cine y cursos de verano relacionados con el mundo audiovisual. En 2007 fue galardonado con el\u00a0<b>Premio Pl\u00e1cido<\/b>\u00a0<b>al Mejor Gui\u00f3n de Largometraje<\/b>\u00a0de g\u00e9nero negro en el\u00a0<b>IX Festival Internacional de Cine Negro de Manresa<\/b>, y en 2009 fue coordinador editorial del libro\u00a0<i>Tasio 25<\/i>\u00a0con motivo del 25 aniversario del estreno de la pel\u00edcula dirigida por Montxo Armend\u00e1riz. En 2012 public\u00f3 su primera novela,\u00a0<i>Aki y el misterio de los cerezos<\/i>\u00a0(Toro M\u00edtico), un relato de aventuras ambientado en el Jap\u00f3n del s.XVII, y gan\u00f3 el\u00a0<b>Premio Internacional de Novela Negra Ciudad de Carmona<\/b>\u00a0con\u00a0<i>El honor es una mortaja<\/i>\u00a0(Tapa Negra). Es practicante asiduo de diferentes artes marciales tradicionales japonesas (<i>jiujitsu, kenjutsu, jojutsu, nitojutsu, tanbojutsu, iaido y battodo<\/i>) desde hace varios a\u00f1os.<\/span><\/p>\n<p><strong>Caracter\u00edsticas generales<\/strong>:<\/p>\n<p>P\u00e1ginas: 295<br \/>\nEncuadernaci\u00f3n: R\u00fastica<br \/>\nNovela hist\u00f3rica, misterio, aventuras (Narrativa japonesa)<br \/>\nMedidas: 16 x 23 cm<\/p>\n","protected":false},"excerpt":{"rendered":"<p>El misterio de la gruta amarilla. Aki monogatari Autor: Carlos Bassas del Rey Rese\u00f1a: El viejo maestro Miyamoto, Investigador de Asuntos Especiales del clan Date, prepara su viaje a Edo en compa\u00f1\u00eda de Aki, su reci\u00e9n nombrado Ayudante Oficial, y de Ichiro, su nuevo vasallo, para impartir lecciones de esgrima al sh\u014dgun. Una vez all\u00ed, [&hellip;]<\/p>\n","protected":false},"featured_media":3671,"template":"","meta":[],"product_brand":[],"product_cat":[45,50],"product_tag":[],"class_list":{"0":"post-3670","1":"product","2":"type-product","3":"status-publish","4":"has-post-thumbnail","6":"product_cat-libreria","7":"product_cat-libros-y-revistas","9":"first","10":"instock","11":"shipping-taxable","12":"purchasable","13":"product-type-simple"},"_links":{"self":[{"href":"https:\/\/alternativanikkei.com\/2026\/wp-json\/wp\/v2\/product\/3670","targetHints":{"allow":["GET"]}}],"collection":[{"href":"https:\/\/alternativanikkei.com\/2026\/wp-json\/wp\/v2\/product"}],"about":[{"href":"https:\/\/alternativanikkei.com\/2026\/wp-json\/wp\/v2\/types\/product"}],"wp:featuredmedia":[{"embeddable":true,"href":"https:\/\/alternativanikkei.com\/2026\/wp-json\/wp\/v2\/media\/3671"}],"wp:attachment":[{"href":"https:\/\/alternativanikkei.com\/2026\/wp-json\/wp\/v2\/media?parent=3670"}],"wp:term":[{"taxonomy":"product_brand","embeddable":true,"href":"https:\/\/alternativanikkei.com\/2026\/wp-json\/wp\/v2\/product_brand?post=3670"},{"taxonomy":"product_cat","embeddable":true,"href":"https:\/\/alternativanikkei.com\/2026\/wp-json\/wp\/v2\/product_cat?post=3670"},{"taxonomy":"product_tag","embeddable":true,"href":"https:\/\/alternativanikkei.com\/2026\/wp-json\/wp\/v2\/product_tag?post=3670"}],"curies":[{"name":"wp","href":"https:\/\/api.w.org\/{rel}","templated":true}]}}