{"id":655,"date":"2014-10-23T13:01:33","date_gmt":"2014-10-23T16:01:33","guid":{"rendered":"http:\/\/www.alternativanikkei.com\/?post_type=product&#038;p=655"},"modified":"2025-11-04T01:55:02","modified_gmt":"2025-11-04T04:55:02","slug":"brave-story-de-miyuki-miyabe","status":"publish","type":"product","link":"https:\/\/alternativanikkei.com\/2026\/producto\/brave-story-de-miyuki-miyabe\/","title":{"rendered":"BRAVE STORY"},"content":{"rendered":"<h4>Autora: Miyuki Miyabe<\/h4>\n<p>&nbsp;<\/p>\n<p><strong>Rese\u00f1a<\/strong><\/p>\n<p>Inspirada en el mundo de los videojuegos, los juegos de rol y los relatos cl\u00e1sicos de aventuras, Brave Story es una aventura \u00e9pica inolvidable con ecos de Las cr\u00f3nicas de Narnia, Harry Potter y La historia interminable.<\/p>\n<p>La vida del joven Wataru es un desastre: No es muy popular en el colegio, apenas habla con su padre, su madre es muy estricta y para colmo, las chicas se burlan de \u00e9l porque no cree en fantasmas.<\/p>\n<p>Desesperado, buscar\u00e1 la manera de cambiar su vida, de alterar su destino. Para lograrlo, se adentrar\u00e1 en el mundo m\u00e1gico de Visi\u00f3n, una tierra habitada por extra\u00f1as criaturas que conviven con los humanos.<\/p>\n<p>Su objetivo es la Torre del Destino, donde le aguarda la Diosa. S\u00f3lo cuando haya encontrado 5 gemas completar\u00e1 el Sigilo, una llave en forma de estrella que le conceder\u00e1 un deseo\u2026 el que guarda en lo m\u00e1s profundo de su coraz\u00f3n y que le permitir\u00e1 reunir de nuevo a su familia y regresar a casa.<\/p>\n<p><strong>Sobre Miyuki Miyabe (23\/12\/1960)<\/strong><\/p>\n<p>Miyuki Miyabe, nacida en Tokio en 1960, es una de las autoras japonesas contempor\u00e1neas m\u00e1s conocidas en su pa\u00eds. Comenz\u00f3 a escribir novelas a la edad de 23 a\u00f1os, mientras trabajaba en un despacho de abogados.<\/p>\n<p>Ha escrito m\u00e1s de 40 novelas en las que ha cultivado todo tipo de g\u00e9neros: ciencia ficci\u00f3n, intriga, novela hist\u00f3rica, fantas\u00eda y ficci\u00f3n juvenil. sus libros han sido traducidos a 11 idiomas y 15 de sus novelas han sido adaptadas para la gran pantalla, convirti\u00e9ndose en pel\u00edculas muy taquilleras en Jap\u00f3n.<\/p>\n<p>En 1993 obtuvo el prestigioso premio Shugoro Yamamoto por la novela All she was worth (La sombra del Kasha). En 1998 obtuvo el premio Naoki porThe Reason. Su libro infantil Brave Story fue galardonado en Estados Unidos con el premio Batchelder como el mejor libro infantil extranjero del a\u00f1o por la American Library Association en 2008.<\/p>\n<p><strong>Caracter\u00edsticas generales<\/strong><\/p>\n<p>552 p\u00e1ginas<br \/>\nIdioma: Espa\u00f1ol<br \/>\n15&#215;23 cm \u2013 R\u00fastica con solapas.<br \/>\nG\u00e9nero: Fant\u00e1stica<\/p>\n","protected":false},"excerpt":{"rendered":"<p>Autora: Miyuki Miyabe &nbsp; Rese\u00f1a Inspirada en el mundo de los videojuegos, los juegos de rol y los relatos cl\u00e1sicos de aventuras, Brave Story es una aventura \u00e9pica inolvidable con ecos de Las cr\u00f3nicas de Narnia, Harry Potter y La historia interminable. La vida del joven Wataru es un desastre: No es muy popular en [&hellip;]<\/p>\n","protected":false},"featured_media":1359,"template":"","meta":[],"product_brand":[],"product_cat":[45,50],"product_tag":[],"class_list":{"0":"post-655","1":"product","2":"type-product","3":"status-publish","4":"has-post-thumbnail","6":"product_cat-libreria","7":"product_cat-libros-y-revistas","9":"first","10":"instock","11":"shipping-taxable","12":"purchasable","13":"product-type-simple"},"_links":{"self":[{"href":"https:\/\/alternativanikkei.com\/2026\/wp-json\/wp\/v2\/product\/655","targetHints":{"allow":["GET"]}}],"collection":[{"href":"https:\/\/alternativanikkei.com\/2026\/wp-json\/wp\/v2\/product"}],"about":[{"href":"https:\/\/alternativanikkei.com\/2026\/wp-json\/wp\/v2\/types\/product"}],"wp:featuredmedia":[{"embeddable":true,"href":"https:\/\/alternativanikkei.com\/2026\/wp-json\/wp\/v2\/media\/1359"}],"wp:attachment":[{"href":"https:\/\/alternativanikkei.com\/2026\/wp-json\/wp\/v2\/media?parent=655"}],"wp:term":[{"taxonomy":"product_brand","embeddable":true,"href":"https:\/\/alternativanikkei.com\/2026\/wp-json\/wp\/v2\/product_brand?post=655"},{"taxonomy":"product_cat","embeddable":true,"href":"https:\/\/alternativanikkei.com\/2026\/wp-json\/wp\/v2\/product_cat?post=655"},{"taxonomy":"product_tag","embeddable":true,"href":"https:\/\/alternativanikkei.com\/2026\/wp-json\/wp\/v2\/product_tag?post=655"}],"curies":[{"name":"wp","href":"https:\/\/api.w.org\/{rel}","templated":true}]}}