{"id":8705,"date":"2019-02-25T11:22:10","date_gmt":"2019-02-25T14:22:10","guid":{"rendered":"https:\/\/alternativanikkei.com\/?post_type=product&#038;p=8705"},"modified":"2025-11-03T17:10:07","modified_gmt":"2025-11-03T20:10:07","slug":"el-rostro-de-heizo-un-policia-samurai","status":"publish","type":"product","link":"https:\/\/alternativanikkei.com\/2026\/producto\/el-rostro-de-heizo-un-policia-samurai\/","title":{"rendered":"El rostro de Heizo. Un polic\u00eda samur\u00e1i"},"content":{"rendered":"<p>Heizo es el jefe de la polic\u00eda del departamento de robos e incendios de la ciudad de Edo. No hay ning\u00fan criminal en toda la ciudad que haya visto su rostro y viva para contarlo, pero el viejo ladr\u00f3n Rozuko est\u00e1 buscando una oportunidad para vengar la muerte de su hermano y descubrir, por fin, el rostro del polic\u00eda m\u00e1s temido por todos los delincuentes de Edo.<\/p>\n<p>Comienzan as\u00ed las peripecias de uno de los detectives m\u00e1s populares de la cultura japonesa, un personaje a medio camino entre la realidad y la ficci\u00f3n que, con sus ingeniosos planes y estrategias, se enfrentar\u00e1 a las mentes criminales m\u00e1s peligrosas del pa\u00eds y cuya fama y popularidad perduran en el Jap\u00f3n actual.<\/p>\n<p>A comienzos de 1967, el autor de ficci\u00f3n m\u00e1s le\u00eddo del momento, Shotaro Ikenami (1923-1993), cre\u00f3 la popular serie\u00a0<em>Onihei Hankacho (Las historias de cr\u00edmenes de Onihei)<\/em>, protagonizadas por Heizo Hasegawa (1745-1795), un personaje real que combat\u00eda el cr\u00edmen en la ciudad de Edo (Tokio) durante el\u00a0<em>shogunato<\/em>\u00a0de Tokugawa. En homenaje a Ikenami, Go Osaka comenz\u00f3 una nueva serie de relatos con el infatigable polic\u00eda como protagonista.<\/p>\n","protected":false},"excerpt":{"rendered":"<p>Heizo es el jefe de la polic\u00eda del departamento de robos e incendios de la ciudad de Edo. No hay ning\u00fan criminal en toda la ciudad que haya visto su rostro y viva para contarlo, pero el viejo ladr\u00f3n Rozuko est\u00e1 buscando una oportunidad para vengar la muerte de su hermano y descubrir, por fin, [&hellip;]<\/p>\n","protected":false},"featured_media":8706,"template":"","meta":[],"product_brand":[],"product_cat":[45,50],"product_tag":[],"class_list":{"0":"post-8705","1":"product","2":"type-product","3":"status-publish","4":"has-post-thumbnail","6":"product_cat-libreria","7":"product_cat-libros-y-revistas","9":"first","10":"instock","11":"shipping-taxable","12":"purchasable","13":"product-type-simple"},"_links":{"self":[{"href":"https:\/\/alternativanikkei.com\/2026\/wp-json\/wp\/v2\/product\/8705","targetHints":{"allow":["GET"]}}],"collection":[{"href":"https:\/\/alternativanikkei.com\/2026\/wp-json\/wp\/v2\/product"}],"about":[{"href":"https:\/\/alternativanikkei.com\/2026\/wp-json\/wp\/v2\/types\/product"}],"wp:featuredmedia":[{"embeddable":true,"href":"https:\/\/alternativanikkei.com\/2026\/wp-json\/wp\/v2\/media\/8706"}],"wp:attachment":[{"href":"https:\/\/alternativanikkei.com\/2026\/wp-json\/wp\/v2\/media?parent=8705"}],"wp:term":[{"taxonomy":"product_brand","embeddable":true,"href":"https:\/\/alternativanikkei.com\/2026\/wp-json\/wp\/v2\/product_brand?post=8705"},{"taxonomy":"product_cat","embeddable":true,"href":"https:\/\/alternativanikkei.com\/2026\/wp-json\/wp\/v2\/product_cat?post=8705"},{"taxonomy":"product_tag","embeddable":true,"href":"https:\/\/alternativanikkei.com\/2026\/wp-json\/wp\/v2\/product_tag?post=8705"}],"curies":[{"name":"wp","href":"https:\/\/api.w.org\/{rel}","templated":true}]}}