{"id":8710,"date":"2019-02-25T11:29:05","date_gmt":"2019-02-25T14:29:05","guid":{"rendered":"https:\/\/alternativanikkei.com\/?post_type=product&#038;p=8710"},"modified":"2026-03-31T09:41:31","modified_gmt":"2026-03-31T12:41:31","slug":"fabulas-y-leyendas-de-corea-duendes-fantasmas-y-hadas","status":"publish","type":"product","link":"https:\/\/alternativanikkei.com\/2026\/producto\/fabulas-y-leyendas-de-corea-duendes-fantasmas-y-hadas\/","title":{"rendered":"F\u00e1bulas y leyendas de Corea. Duendes, fantasmas y hadas"},"content":{"rendered":"<p>Esta recopilaci\u00f3n de leyendas coreanas basadas en las tres\u00a0grandes religiones del Lejano Oriente (tao\u00edsmo, budismo\u00a0y confucionismo) servir\u00e1 de gu\u00eda a cualquiera que desee\u00a0<strong>adentrarse en las profundidades del alma oriental y\u00a0descubrir las peculiares criaturas que lo habitan<\/strong>.<\/p>\n<p>En ellas descubriremos que las\u00a0<strong>brujas<\/strong>\u00a0existen y pueden\u00a0ser honradas, nos enfrentaremos a\u00a0<strong>gigantes<\/strong>\u00a0devoradores\u00a0de hombres y a\u00a0<strong>serpientes<\/strong>rencorosas, visitaremos\u00a0<strong>casas encantadas<\/strong>\u00a0y aprenderemos por qu\u00e9 no hay que temer a\u00a0los trasgos y duendes.<\/p>\n<p>Cincuenta y tres relatos cargados de\u00a0<strong>magia<\/strong>,\u00a0<strong>nostalgia\u00a0y muchos fantasmas<\/strong>que m\u00e1s de cien a\u00f1os despu\u00e9s se\u00a0publican por primera vez en espa\u00f1ol.<\/p>\n","protected":false},"excerpt":{"rendered":"<p>Esta recopilaci\u00f3n de leyendas coreanas basadas en las tres\u00a0grandes religiones del Lejano Oriente (tao\u00edsmo, budismo\u00a0y confucionismo) servir\u00e1 de gu\u00eda a cualquiera que desee\u00a0adentrarse en las profundidades del alma oriental y\u00a0descubrir las peculiares criaturas que lo habitan. En ellas descubriremos que las\u00a0brujas\u00a0existen y pueden\u00a0ser honradas, nos enfrentaremos a\u00a0gigantes\u00a0devoradores\u00a0de hombres y a\u00a0serpientesrencorosas, visitaremos\u00a0casas encantadas\u00a0y aprenderemos por qu\u00e9 [&hellip;]<\/p>\n","protected":false},"featured_media":8711,"template":"","meta":[],"product_brand":[],"product_cat":[45,50],"product_tag":[],"class_list":{"0":"post-8710","1":"product","2":"type-product","3":"status-publish","4":"has-post-thumbnail","6":"product_cat-libreria","7":"product_cat-libros-y-revistas","9":"first","10":"instock","11":"shipping-taxable","12":"purchasable","13":"product-type-simple"},"_links":{"self":[{"href":"https:\/\/alternativanikkei.com\/2026\/wp-json\/wp\/v2\/product\/8710","targetHints":{"allow":["GET"]}}],"collection":[{"href":"https:\/\/alternativanikkei.com\/2026\/wp-json\/wp\/v2\/product"}],"about":[{"href":"https:\/\/alternativanikkei.com\/2026\/wp-json\/wp\/v2\/types\/product"}],"wp:featuredmedia":[{"embeddable":true,"href":"https:\/\/alternativanikkei.com\/2026\/wp-json\/wp\/v2\/media\/8711"}],"wp:attachment":[{"href":"https:\/\/alternativanikkei.com\/2026\/wp-json\/wp\/v2\/media?parent=8710"}],"wp:term":[{"taxonomy":"product_brand","embeddable":true,"href":"https:\/\/alternativanikkei.com\/2026\/wp-json\/wp\/v2\/product_brand?post=8710"},{"taxonomy":"product_cat","embeddable":true,"href":"https:\/\/alternativanikkei.com\/2026\/wp-json\/wp\/v2\/product_cat?post=8710"},{"taxonomy":"product_tag","embeddable":true,"href":"https:\/\/alternativanikkei.com\/2026\/wp-json\/wp\/v2\/product_tag?post=8710"}],"curies":[{"name":"wp","href":"https:\/\/api.w.org\/{rel}","templated":true}]}}