{"id":8857,"date":"2019-05-31T13:00:58","date_gmt":"2019-05-31T16:00:58","guid":{"rendered":"https:\/\/alternativanikkei.com\/?post_type=product&#038;p=8857"},"modified":"2026-03-31T09:42:07","modified_gmt":"2026-03-31T12:42:07","slug":"entre-sombras-y-susurros","status":"publish","type":"product","link":"https:\/\/alternativanikkei.com\/2026\/producto\/entre-sombras-y-susurros\/","title":{"rendered":"Entre sombras y susurros"},"content":{"rendered":"<p>Es la semblanza de dos escritoras. Una autora japonesa del siglo XIX: Higuchi Ichiyoo y otra del siglo XXI: \u00c1ngeles Mashino.<br \/>\nLa trama se desarrolla en torno a sus universos literarios y a la situaci\u00f3n de la mujer en la sociedad de ambas \u00e9pocas.<br \/>\nLos cuentos de Ichiyoo en \u201cCerezos en Tinieblas\u201d son el punto de partida de un intercambio de estas dos protagonistas que comparten momentos, vivencias y charlas en un espacio atemporal y m\u00e1gico.<br \/>\nLos amantes de la cultura japonesa se deleitar\u00e1n con algunos di\u00e1logos cortos en japon\u00e9s y las m\u00faltiples referencias a costumbres y elementos de esta notable e importante civilizaci\u00f3n, en una historia que produce un encuentro entres dos mujeres de distintas \u00e9pocas en un espacio m\u00e1s all\u00e1 del tiempo y del espacio, unidas por intereses comunes y profundas vivencias.<\/p>\n<p>&nbsp;<\/p>\n<h4>Sobre el autor<\/h4>\n<hr \/>\n<p><strong>Lourdes Massimino<\/strong><br \/>\nLourdes Massimino es una escritora argentina, nacida en la provincia de Corrientes. En la actualidad reside en Buenos Aires.<br \/>\nCuenta en su universo literario con las influencias de las m\u00e1s diversas vertientes. Vertientes que han ido nutriendo su cosmos desde el a\u00f1o 1995.<br \/>\nSu aprendizaje de la Literatura comenz\u00f3 en los cursos de la Mag. Prof. Lina Mundet, fundadora del \u201cInstituto Superior de Letras Eduardo Mallea\u201d. Entre sus autores argentinos favoritos podemos citar a Julio Cort\u00e1zar, a Adolfo Bioy Casares y a Jorge Luis Borges.<\/p>\n","protected":false},"excerpt":{"rendered":"<p>Es la semblanza de dos escritoras. Una autora japonesa del siglo XIX: Higuchi Ichiyoo y otra del siglo XXI: \u00c1ngeles Mashino. La trama se desarrolla en torno a sus universos literarios y a la situaci\u00f3n de la mujer en la sociedad de ambas \u00e9pocas. Los cuentos de Ichiyoo en \u201cCerezos en Tinieblas\u201d son el punto [&hellip;]<\/p>\n","protected":false},"featured_media":9302,"template":"","meta":[],"product_brand":[],"product_cat":[45,50],"product_tag":[],"class_list":{"0":"post-8857","1":"product","2":"type-product","3":"status-publish","4":"has-post-thumbnail","6":"product_cat-libreria","7":"product_cat-libros-y-revistas","9":"first","10":"instock","11":"shipping-taxable","12":"purchasable","13":"product-type-simple"},"_links":{"self":[{"href":"https:\/\/alternativanikkei.com\/2026\/wp-json\/wp\/v2\/product\/8857","targetHints":{"allow":["GET"]}}],"collection":[{"href":"https:\/\/alternativanikkei.com\/2026\/wp-json\/wp\/v2\/product"}],"about":[{"href":"https:\/\/alternativanikkei.com\/2026\/wp-json\/wp\/v2\/types\/product"}],"wp:featuredmedia":[{"embeddable":true,"href":"https:\/\/alternativanikkei.com\/2026\/wp-json\/wp\/v2\/media\/9302"}],"wp:attachment":[{"href":"https:\/\/alternativanikkei.com\/2026\/wp-json\/wp\/v2\/media?parent=8857"}],"wp:term":[{"taxonomy":"product_brand","embeddable":true,"href":"https:\/\/alternativanikkei.com\/2026\/wp-json\/wp\/v2\/product_brand?post=8857"},{"taxonomy":"product_cat","embeddable":true,"href":"https:\/\/alternativanikkei.com\/2026\/wp-json\/wp\/v2\/product_cat?post=8857"},{"taxonomy":"product_tag","embeddable":true,"href":"https:\/\/alternativanikkei.com\/2026\/wp-json\/wp\/v2\/product_tag?post=8857"}],"curies":[{"name":"wp","href":"https:\/\/api.w.org\/{rel}","templated":true}]}}