{"id":8862,"date":"2019-05-31T13:07:37","date_gmt":"2019-05-31T16:07:37","guid":{"rendered":"https:\/\/alternativanikkei.com\/?post_type=product&#038;p=8862"},"modified":"2026-03-31T09:42:16","modified_gmt":"2026-03-31T12:42:16","slug":"fabulas-y-leyendas-de-china","status":"publish","type":"product","link":"https:\/\/alternativanikkei.com\/2026\/producto\/fabulas-y-leyendas-de-china\/","title":{"rendered":"F\u00e1bulas y leyendas de China"},"content":{"rendered":"<h2>Descripci\u00f3n<\/h2>\n<p><em>F\u00e1bulas y leyendas de China<\/em>\u00a0contiene algunos de los cuentos populares m\u00e1s queridos por los lectores chinos tales como\u00a0<em>El escarabajo dorado<\/em>\u00a0o\u00a0<em>por qu\u00e9 el perro odia al gato<\/em>,\u00a0<em>La gran campana<\/em>,\u00a0<em>La extra\u00f1a Historia del Doctor Perro<\/em>\u00a0o\u00a0<em>El pez parlante<\/em>. Publicado inicialmente en 1919, este libro ha emocionado y entretenido a lectores de todas las edades y constituye una inmejorable introducci\u00f3n al folclore y los mitos populares chinos.<\/p>\n<p>Junto a esta selecci\u00f3n de diecinueve cuentos, se incluyen las ilustraciones originales de la primera edici\u00f3n, obra de Li Chu Tang, lo que convierten al libro en un cl\u00e1sico atemporal de lectura obligada para cualquier tipo de lector, independientemente de sus gustos literarios. Con esta obra, ponemos fin a la trilog\u00eda\u00a0<em>F\u00e1bulas y leyendas de Oriente<\/em>, con la que hemos querido rendir homenaje a la magia y al encanto de los cuentos populares, relatos que permiten una lectura inocente y enriquecedora para un ni\u00f1o y otra mucho m\u00e1s profunda y reflexiva para un adulto.<\/p>\n<p>&nbsp;<\/p>\n","protected":false},"excerpt":{"rendered":"<p>Descripci\u00f3n F\u00e1bulas y leyendas de China\u00a0contiene algunos de los cuentos populares m\u00e1s queridos por los lectores chinos tales como\u00a0El escarabajo dorado\u00a0o\u00a0por qu\u00e9 el perro odia al gato,\u00a0La gran campana,\u00a0La extra\u00f1a Historia del Doctor Perro\u00a0o\u00a0El pez parlante. Publicado inicialmente en 1919, este libro ha emocionado y entretenido a lectores de todas las edades y constituye una [&hellip;]<\/p>\n","protected":false},"featured_media":8863,"template":"","meta":[],"product_brand":[],"product_cat":[553,45,50],"product_tag":[],"class_list":{"0":"post-8862","1":"product","2":"type-product","3":"status-publish","4":"has-post-thumbnail","6":"product_cat-sin-categoria","7":"product_cat-libreria","8":"product_cat-libros-y-revistas","10":"first","11":"instock","12":"shipping-taxable","13":"purchasable","14":"product-type-simple"},"_links":{"self":[{"href":"https:\/\/alternativanikkei.com\/2026\/wp-json\/wp\/v2\/product\/8862","targetHints":{"allow":["GET"]}}],"collection":[{"href":"https:\/\/alternativanikkei.com\/2026\/wp-json\/wp\/v2\/product"}],"about":[{"href":"https:\/\/alternativanikkei.com\/2026\/wp-json\/wp\/v2\/types\/product"}],"wp:featuredmedia":[{"embeddable":true,"href":"https:\/\/alternativanikkei.com\/2026\/wp-json\/wp\/v2\/media\/8863"}],"wp:attachment":[{"href":"https:\/\/alternativanikkei.com\/2026\/wp-json\/wp\/v2\/media?parent=8862"}],"wp:term":[{"taxonomy":"product_brand","embeddable":true,"href":"https:\/\/alternativanikkei.com\/2026\/wp-json\/wp\/v2\/product_brand?post=8862"},{"taxonomy":"product_cat","embeddable":true,"href":"https:\/\/alternativanikkei.com\/2026\/wp-json\/wp\/v2\/product_cat?post=8862"},{"taxonomy":"product_tag","embeddable":true,"href":"https:\/\/alternativanikkei.com\/2026\/wp-json\/wp\/v2\/product_tag?post=8862"}],"curies":[{"name":"wp","href":"https:\/\/api.w.org\/{rel}","templated":true}]}}