{"id":9575,"date":"2022-01-10T18:41:08","date_gmt":"2022-01-10T21:41:08","guid":{"rendered":"https:\/\/alternativanikkei.com\/?post_type=product&#038;p=9575"},"modified":"2026-03-31T09:43:07","modified_gmt":"2026-03-31T12:43:07","slug":"el-libro-del-hakutaku-bestiario-de-monstruos-japoneses","status":"publish","type":"product","link":"https:\/\/alternativanikkei.com\/2026\/producto\/el-libro-del-hakutaku-bestiario-de-monstruos-japoneses\/","title":{"rendered":"El libro del HAKUTAKU. Bestiario de monstruos japoneses"},"content":{"rendered":"<p>Una antigua leyenda relata acerca de una enciclopedia llamada\u00a0<em>El libro del Hakutaku<\/em>, entregada al emperador por una bestia m\u00e1gica y que conten\u00eda informaci\u00f3n sobre todos los esp\u00edritus, dioses y demonios del universo. Se perdi\u00f3 hace mucho tiempo, pero se logr\u00f3 copiar partes de ella. Desde entonces, se ha estado recopilando informaci\u00f3n sobre el mundo de los esp\u00edritus en enciclopedias sobrenaturales.<\/p>\n<p>A lo largo de la historia de Jap\u00f3n, los artistas han reunido folclore de diversas fuentes y lo han agrupado en enciclopedias ilustradas en varios vol\u00famenes. A medida que crec\u00eda la demanda de\u00a0<em>y\u014dkai<\/em>, los artistas buscaban inspiraci\u00f3n en la literatura y la historia, y copiaban monstruos de la literatura china cl\u00e1sica, reinterpret\u00e1ndolos desde una perspectiva japonesa. Incluso inventaron nuevos\u00a0<em>y\u014dkai<\/em>\u00a0basados en juegos de palabras y que reflejaban los problemas de la sociedad contempor\u00e1nea. Hoy en d\u00eda, la tradici\u00f3n de recopilar y volver a contar las historias de\u00a0<em>y\u014dkai<\/em>\u00a0pervive con fuerza.<\/p>\n<p>Este bestiario contiene m\u00e1s de 100 entradas ilustradas que abarcan una amplia variedad de monstruos, fantasmas y esp\u00edritus japoneses. Algunos de ellos son nativos del pa\u00eds, mientras que otros han sido incorporados al folclore japon\u00e9s desde culturas extranjeras. Cada entrada se describe en detalle, incluyendo su h\u00e1bitat, dieta, origen y leyendas basadas en traducciones de textos japoneses.<\/p>\n","protected":false},"excerpt":{"rendered":"<p>Una antigua leyenda relata acerca de una enciclopedia llamada\u00a0El libro del Hakutaku, entregada al emperador por una bestia m\u00e1gica y que conten\u00eda informaci\u00f3n sobre todos los esp\u00edritus, dioses y demonios del universo. Se perdi\u00f3 hace mucho tiempo, pero se logr\u00f3 copiar partes de ella. Desde entonces, se ha estado recopilando informaci\u00f3n sobre el mundo de [&hellip;]<\/p>\n","protected":false},"featured_media":9576,"template":"","meta":[],"product_brand":[],"product_cat":[45,50],"product_tag":[],"class_list":{"0":"post-9575","1":"product","2":"type-product","3":"status-publish","4":"has-post-thumbnail","6":"product_cat-libreria","7":"product_cat-libros-y-revistas","9":"first","10":"instock","11":"shipping-taxable","12":"purchasable","13":"product-type-simple"},"_links":{"self":[{"href":"https:\/\/alternativanikkei.com\/2026\/wp-json\/wp\/v2\/product\/9575","targetHints":{"allow":["GET"]}}],"collection":[{"href":"https:\/\/alternativanikkei.com\/2026\/wp-json\/wp\/v2\/product"}],"about":[{"href":"https:\/\/alternativanikkei.com\/2026\/wp-json\/wp\/v2\/types\/product"}],"wp:featuredmedia":[{"embeddable":true,"href":"https:\/\/alternativanikkei.com\/2026\/wp-json\/wp\/v2\/media\/9576"}],"wp:attachment":[{"href":"https:\/\/alternativanikkei.com\/2026\/wp-json\/wp\/v2\/media?parent=9575"}],"wp:term":[{"taxonomy":"product_brand","embeddable":true,"href":"https:\/\/alternativanikkei.com\/2026\/wp-json\/wp\/v2\/product_brand?post=9575"},{"taxonomy":"product_cat","embeddable":true,"href":"https:\/\/alternativanikkei.com\/2026\/wp-json\/wp\/v2\/product_cat?post=9575"},{"taxonomy":"product_tag","embeddable":true,"href":"https:\/\/alternativanikkei.com\/2026\/wp-json\/wp\/v2\/product_tag?post=9575"}],"curies":[{"name":"wp","href":"https:\/\/api.w.org\/{rel}","templated":true}]}}