{"id":9761,"date":"2022-09-16T23:26:36","date_gmt":"2022-09-17T02:26:36","guid":{"rendered":"https:\/\/alternativanikkei.com\/?post_type=product&#038;p=9761"},"modified":"2026-03-31T09:38:11","modified_gmt":"2026-03-31T12:38:11","slug":"libro-la-hora-del-encuentro-con-los-espiritus-malignos","status":"publish","type":"product","link":"https:\/\/alternativanikkei.com\/2026\/producto\/libro-la-hora-del-encuentro-con-los-espiritus-malignos\/","title":{"rendered":"La Hora Del Encuentro Con Los Esp\u00edritus Malignos"},"content":{"rendered":"<p>En Jap\u00f3n hay alrededor de ocho millones de kami. Estos esp\u00edritus comprenden todo tipo de seres sobrenaturales, unos malignos y otros divinos. Sin embargo, para los humanos la mayor\u00eda parecen extra\u00f1os y atemorizantes, incluso malvados. Son conocidos por multitud de nombres: bakemono, chimimoryo, mamono, mononoke, obake, oni y yokai.<br \/>\nEstos yokai habitan en un mundo paralelo y sus vidas se parecen a las nuestras en muchos aspectos: comen, cantan, bailan, juegan, pelean, compiten y hasta hacen la guerra. Normalmente, nosotros nos mantenemos en nuestro mundo y ellos en el suyo. Sin embargo, a la hora del crep\u00fasculo, las fronteras entre ambos mundos son tan fr\u00e1giles que es posible cruzarlas.<br \/>\nPor este motivo, para evitar encuentros no deseados, lo mejor es regresar y refugiarse en casa hasta que el sol se haya puesto completamente. El momento del crep\u00fasculo, en que nuestro mundo est\u00e1 todav\u00eda despierto y activo y el mundo de lo sobrenatural comienza a experimentar movimientos, es el m\u00e1s peligroso, y es conocido como \u00abla hora del encuentro con los esp\u00edritus malignos\u00bb.<br \/>\nBasada en traducciones de textos centenarios japoneses, esta gu\u00eda ilustrada contiene m\u00e1s de ciento veinticinco monstruos del folclore japon\u00e9s. Cada uno de ellos se describe en detalle, incluyendo su h\u00e1bitat, dieta, origen y mitos y leyendas que los rodean.<\/p>\n","protected":false},"excerpt":{"rendered":"<p>En Jap\u00f3n hay alrededor de ocho millones de kami. Estos esp\u00edritus comprenden todo tipo de seres sobrenaturales, unos malignos y otros divinos. Sin embargo, para los humanos la mayor\u00eda parecen extra\u00f1os y atemorizantes, incluso malvados. Son conocidos por multitud de nombres: bakemono, chimimoryo, mamono, mononoke, obake, oni y yokai. Estos yokai habitan en un mundo [&hellip;]<\/p>\n","protected":false},"featured_media":9762,"template":"","meta":[],"product_brand":[],"product_cat":[45,50],"product_tag":[],"class_list":{"0":"post-9761","1":"product","2":"type-product","3":"status-publish","4":"has-post-thumbnail","6":"product_cat-libreria","7":"product_cat-libros-y-revistas","9":"first","10":"instock","11":"shipping-taxable","12":"purchasable","13":"product-type-simple"},"_links":{"self":[{"href":"https:\/\/alternativanikkei.com\/2026\/wp-json\/wp\/v2\/product\/9761","targetHints":{"allow":["GET"]}}],"collection":[{"href":"https:\/\/alternativanikkei.com\/2026\/wp-json\/wp\/v2\/product"}],"about":[{"href":"https:\/\/alternativanikkei.com\/2026\/wp-json\/wp\/v2\/types\/product"}],"wp:featuredmedia":[{"embeddable":true,"href":"https:\/\/alternativanikkei.com\/2026\/wp-json\/wp\/v2\/media\/9762"}],"wp:attachment":[{"href":"https:\/\/alternativanikkei.com\/2026\/wp-json\/wp\/v2\/media?parent=9761"}],"wp:term":[{"taxonomy":"product_brand","embeddable":true,"href":"https:\/\/alternativanikkei.com\/2026\/wp-json\/wp\/v2\/product_brand?post=9761"},{"taxonomy":"product_cat","embeddable":true,"href":"https:\/\/alternativanikkei.com\/2026\/wp-json\/wp\/v2\/product_cat?post=9761"},{"taxonomy":"product_tag","embeddable":true,"href":"https:\/\/alternativanikkei.com\/2026\/wp-json\/wp\/v2\/product_tag?post=9761"}],"curies":[{"name":"wp","href":"https:\/\/api.w.org\/{rel}","templated":true}]}}